{"id":1228,"date":"2025-05-31T23:39:04","date_gmt":"2025-05-31T23:39:04","guid":{"rendered":"https:\/\/vocepodecom.com\/about\/"},"modified":"2025-12-23T23:27:10","modified_gmt":"2025-12-23T23:27:10","slug":"about","status":"publish","type":"page","link":"https:\/\/vocepodecom.com\/?page_id=1228","title":{"rendered":"Sobre"},"content":{"rendered":"\n<p>Este site foi idealizado com a proposta de apresentar a voc\u00ea algumas sugest\u00f5es pr\u00e1ticas e naturais para cuidar de seu bem-estar, sa\u00fade e energia.<\/p>\n\n\n\n<div class=\"wp-block-uagb-image uagb-block-a66130eb wp-block-uagb-image--layout-default wp-block-uagb-image--effect-static wp-block-uagb-image--align-none\"><figure class=\"wp-block-uagb-image__figure\"><img decoding=\"async\" srcset=\"https:\/\/vocepodecom.com\/wp-content\/uploads\/2025\/06\/Voce-sua-casa-seu-trabalho.png ,https:\/\/vocepodecom.com\/wp-content\/uploads\/2025\/06\/Voce-sua-casa-seu-trabalho.png 780w, https:\/\/vocepodecom.com\/wp-content\/uploads\/2025\/06\/Voce-sua-casa-seu-trabalho.png 360w\" sizes=\"auto, (max-width: 480px) 150px\" src=\"https:\/\/vocepodecom.com\/wp-content\/uploads\/2025\/06\/Voce-sua-casa-seu-trabalho.png\" alt=\"\" class=\"uag-image-2947\" width=\"1000\" height=\"400\" title=\"Voc\u00ea, sua casa, seu trabalho\" loading=\"lazy\" role=\"img\"\/><\/figure><\/div>\n\n\n\n<p>Em outras palavras, o objetivo deste site \u00e9 apresentar a voc\u00ea alguns produtos e servi\u00e7os para a sua satisfa\u00e7\u00e3o em tr\u00eas \u00e1reas: bem-estar, sa\u00fade e energia. <\/p>\n\n\n\n<div class=\"wp-block-uagb-advanced-heading uagb-block-6b2e1ca7\"><h2 class=\"uagb-heading-text\">Voc\u00ea Satisfeito Com Voc\u00ea<\/h2><\/div>\n\n\n\n<p>Quando \u00e9 que voc\u00ea se sente satisfeito com voc\u00ea mesmo? Isso, em geral, inclui sua sa\u00fade, disposi\u00e7\u00e3o, energia mental e f\u00edsica. Enfim, voc\u00ea quer se sentir bem; voc\u00ea quer senso de realiza\u00e7\u00e3o; voc\u00ea quer satisfa\u00e7\u00e3o.<\/p>\n\n\n\n<p class=\"has-dark-gray-color has-text-color has-link-color wp-elements-09f58aab4eb8436077b563ede988b7d1\">Mais sa\u00fade e energia? Para saber mais, <a href=\"https:\/\/vocepodecom.com\/?page_id=3635\" target=\"_blank\" rel=\"noopener\" title=\"\"><strong>CLIQUE AQUI!<\/strong><\/a><\/p>\n\n\n\n<p><\/p>\n\n\n\n<p><\/p>\n","protected":false},"excerpt":{"rendered":"<p>Este site foi idealizado com a proposta de apresentar a voc\u00ea algumas sugest\u00f5es pr\u00e1ticas e naturais para cuidar de seu<\/p>\n","protected":false},"author":1,"featured_media":0,"parent":0,"menu_order":0,"comment_status":"closed","ping_status":"closed","template":"","meta":{"_uag_custom_page_level_css":"","footnotes":""},"class_list":["post-1228","page","type-page","status-publish","hentry","comments-off"],"aioseo_notices":[],"uagb_featured_image_src":{"full":false,"thumbnail":false,"medium":false,"medium_large":false,"large":false,"1536x1536":false,"2048x2048":false,"post-thumbnail":false,"donovan-list-post":false},"uagb_author_info":{"display_name":"elzirbarbosa@gmail.com","author_link":"https:\/\/vocepodecom.com\/?author=1"},"uagb_comment_info":0,"uagb_excerpt":"Este site foi idealizado com a proposta de apresentar a voc\u00ea algumas sugest\u00f5es pr\u00e1ticas e naturais para cuidar de seu","_links":{"self":[{"href":"https:\/\/vocepodecom.com\/index.php?rest_route=\/wp\/v2\/pages\/1228","targetHints":{"allow":["GET"]}}],"collection":[{"href":"https:\/\/vocepodecom.com\/index.php?rest_route=\/wp\/v2\/pages"}],"about":[{"href":"https:\/\/vocepodecom.com\/index.php?rest_route=\/wp\/v2\/types\/page"}],"author":[{"embeddable":true,"href":"https:\/\/vocepodecom.com\/index.php?rest_route=\/wp\/v2\/users\/1"}],"replies":[{"embeddable":true,"href":"https:\/\/vocepodecom.com\/index.php?rest_route=%2Fwp%2Fv2%2Fcomments&post=1228"}],"version-history":[{"count":32,"href":"https:\/\/vocepodecom.com\/index.php?rest_route=\/wp\/v2\/pages\/1228\/revisions"}],"predecessor-version":[{"id":3679,"href":"https:\/\/vocepodecom.com\/index.php?rest_route=\/wp\/v2\/pages\/1228\/revisions\/3679"}],"wp:attachment":[{"href":"https:\/\/vocepodecom.com\/index.php?rest_route=%2Fwp%2Fv2%2Fmedia&parent=1228"}],"curies":[{"name":"wp","href":"https:\/\/api.w.org\/{rel}","templated":true}]}}