{"id":2806,"date":"2025-06-04T12:39:07","date_gmt":"2025-06-04T12:39:07","guid":{"rendered":"https:\/\/vocepodecom.com\/?page_id=2806"},"modified":"2026-01-08T10:27:16","modified_gmt":"2026-01-08T10:27:16","slug":"suplementos","status":"publish","type":"page","link":"https:\/\/vocepodecom.com\/?page_id=2806","title":{"rendered":"Suplementos"},"content":{"rendered":"\n<figure class=\"wp-block-image size-full\"><img loading=\"lazy\" decoding=\"async\" width=\"1000\" height=\"500\" src=\"https:\/\/vocepodecom.com\/wp-content\/uploads\/2026\/01\/SUPLEMENTOS-VOCE-PODE.png\" alt=\"\" class=\"wp-image-3702\" srcset=\"https:\/\/vocepodecom.com\/wp-content\/uploads\/2026\/01\/SUPLEMENTOS-VOCE-PODE.png 1000w, https:\/\/vocepodecom.com\/wp-content\/uploads\/2026\/01\/SUPLEMENTOS-VOCE-PODE-300x150.png 300w, https:\/\/vocepodecom.com\/wp-content\/uploads\/2026\/01\/SUPLEMENTOS-VOCE-PODE-768x384.png 768w\" sizes=\"auto, (max-width: 1000px) 100vw, 1000px\" \/><\/figure>\n\n\n\n<p>Por mais que cuidemos de nossa alimenta\u00e7\u00e3o, ela \u00e9 pobre em nutrientes. Isso se d\u00e1 em decorr\u00eancia de um solo pobre em minerais e outros nutrientes. <\/p>\n\n\n\n<p>Al\u00e9m disso, produtos excessivamente industrializados n\u00e3o contribuem muito para uma sa\u00fade melhor nem para a devida produ\u00e7\u00e3o de energia mental e f\u00edsica, para fazer frente \u00e0s demandas di\u00e1rias e se sentir bem na maior parte do tempo. Abaixo, veja alguns produtos altamente recomendados, conforme as necessidades:<\/p>\n\n\n\n<p>Pensou em aliviar a <strong>ansiedade<\/strong> o estresse e at\u00e9 a depress\u00e3o? <strong><a href=\"https:\/\/dnsvital.com.br\/produto\/suplemento-terapias-neurais-equilibrio-neuronal\/\" target=\"_blank\" rel=\"noopener\" title=\"\">Clique AQUI!<\/a><\/strong><\/p>\n\n\n\n<p>O <strong>sono<\/strong> est\u00e1 muito ruim? Conhe\u00e7a um super produto <a href=\"https:\/\/dnsvital.com.br\/produto\/sonuss\/\" title=\"\"><strong>clicando AQUI!<\/strong><\/a><\/p>\n\n\n\n<p>Atividade f\u00edsica? Falta de energia? Conhe\u00e7a um super produto clicando, <strong><a href=\"https:\/\/dnsvital.com.br\/produto\/respower\/\" target=\"_blank\" rel=\"noopener\" title=\"\">clicando AQUI!<\/a><\/strong><\/p>\n\n\n\n<p>Fique \u00e0 vontade para ver outras p\u00e1ginas neste site. E se acha que o conte\u00fado vai servir para mais algu\u00e9m, compartilhe com familiares, amigos e em suas redes sociais.<\/p>\n\n\n\n<p><\/p>\n\n\n\n<p>Um forte abra\u00e7o!<\/p>\n\n\n\n<p>Para voltar \u00e0 p\u00e1gina principal, <a href=\"https:\/\/vocepodecom.com\/\" target=\"_blank\" rel=\"noopener\" title=\"\"><strong>clique AQUI!<\/strong><\/a><\/p>\n","protected":false},"excerpt":{"rendered":"<p>Por mais que cuidemos de nossa alimenta\u00e7\u00e3o, ela \u00e9 pobre em nutrientes. Isso se d\u00e1 em decorr\u00eancia de um solo<\/p>\n","protected":false},"author":1,"featured_media":0,"parent":0,"menu_order":0,"comment_status":"closed","ping_status":"closed","template":"","meta":{"_uag_custom_page_level_css":"","footnotes":""},"class_list":["post-2806","page","type-page","status-publish","hentry","comments-off"],"aioseo_notices":[],"uagb_featured_image_src":{"full":false,"thumbnail":false,"medium":false,"medium_large":false,"large":false,"1536x1536":false,"2048x2048":false,"post-thumbnail":false,"donovan-list-post":false},"uagb_author_info":{"display_name":"elzirbarbosa@gmail.com","author_link":"https:\/\/vocepodecom.com\/?author=1"},"uagb_comment_info":0,"uagb_excerpt":"Por mais que cuidemos de nossa alimenta\u00e7\u00e3o, ela \u00e9 pobre em nutrientes. Isso se d\u00e1 em decorr\u00eancia de um solo","_links":{"self":[{"href":"https:\/\/vocepodecom.com\/index.php?rest_route=\/wp\/v2\/pages\/2806","targetHints":{"allow":["GET"]}}],"collection":[{"href":"https:\/\/vocepodecom.com\/index.php?rest_route=\/wp\/v2\/pages"}],"about":[{"href":"https:\/\/vocepodecom.com\/index.php?rest_route=\/wp\/v2\/types\/page"}],"author":[{"embeddable":true,"href":"https:\/\/vocepodecom.com\/index.php?rest_route=\/wp\/v2\/users\/1"}],"replies":[{"embeddable":true,"href":"https:\/\/vocepodecom.com\/index.php?rest_route=%2Fwp%2Fv2%2Fcomments&post=2806"}],"version-history":[{"count":12,"href":"https:\/\/vocepodecom.com\/index.php?rest_route=\/wp\/v2\/pages\/2806\/revisions"}],"predecessor-version":[{"id":3703,"href":"https:\/\/vocepodecom.com\/index.php?rest_route=\/wp\/v2\/pages\/2806\/revisions\/3703"}],"wp:attachment":[{"href":"https:\/\/vocepodecom.com\/index.php?rest_route=%2Fwp%2Fv2%2Fmedia&parent=2806"}],"curies":[{"name":"wp","href":"https:\/\/api.w.org\/{rel}","templated":true}]}}